?
False
Let b = 36806 + -15069. Is b a composite number?
False
Suppose -5*r = 3*g - 0*g - 937, -2*g = -5*r - 608. Let i(x) = -x**2 + 4*x + 9. Let u be i(5). Suppose u*o = o + g. Is o prime?
True
Let g(i) = -90*i - 49. Let f be g(-18). Suppose -5*b + 0*b = 20, -f = -3*t + 2*b. Is t composite?
False
Let q(m) be the first derivative of 0*m**2 + 1/3*m**3 - 11*m + 1. Is q(13) prime?
False
Let q(m) = m**2. Let v(g) = 41*g**2 - g. Suppose -j = 5*f - 3 - 7, 0 = 4*f + 3*j - 19. Let n(u) = f*v(u) - 4*q(u). Is n(-1) a prime number?
False
Let b(i) = 54*i - 42*i - 10 + 82*i. Is b(2) a composite number?
True
Let y(i) = 24*i**2 - 5*i - 13. Let g = 3 + -7. Is y(g) composite?
True
Let j(z) = 7*z**3 - 5*z**2 + 11*z + 2. Is j(3) prime?
True
Is (-358740)/(-8) - 70/(-28) a composite number?
True
Let h(p) = -3 + 2 + 88*p**2 - 3*p - p + 0*p. Is h(-5) a composite number?
True
Is (-3 - -10) + -2 - (-5 - 2176) a prime number?
False
Suppose 42*o = 47*o - 4280. Let l = o - -111. Is l prime?
True
Suppose -19*b - 245 = -24*b. Let k = b + 168. Is k a prime number?
False
Let b = 58 + 1099. Let s = -658 + b. Is s composite?
False
Let a be (-1)/(1/(-17) - 0). Suppose -a = -4*m - b, b - 22 = -3*m - 2*m. Suppose m*i = -20, -4*o = -i - i - 724. Is o composite?
False
Let z be 2/((-2)/(-14 + -2) - 0). Suppose 15*w - z*w = -223. Is w composite?
False
Suppose 1322114 - 5528 = 57*h. Is h a composite number?
True
Let j(r) = 3072*r - 127. Is j(7) a composite number?
False
Let j(g) = g**3 - 2*g**2 + 8*g - 71. Is j(16) composite?
True
Let u = -12044 - -29817. Is u a prime number?
False
Let f be 2*-2*(-1)/2 + -2. Is (-3684)/(-4) + 0 + f + -2 a prime number?
True
Suppose 7*k - i = 8*k - 5623, 22492 = 4*k + i. Is k a composite number?
False
Let d(a) be the third derivative of 1/24*a**4 + 1/60*a**5 + 0 - 11*a**2 - 13/60*a**6 + 0*a + 1/6*a**3. Is d(-2) a composite number?
False
Let a = 16929 - -1708. Is a composite?
False
Let r(i) = 12*i**2 + 6. Let b be r(4). Suppose b + 13 = f. Is f prime?
True
Let q(z) = 4*z**2 - z - 6. Let f(b) = b**2 + 3*b - 4. Let u be f(-5). Let s = u - 1. Is q(s) a prime number?
True
Let z be (-4*1/6)/((-2)/(-1263)). Let u = z - -962. Is u a composite number?
False
Suppose -5*d = m - 47399, -168 + 19134 = 2*d + 2*m. Is d a composite number?
False
Let g = 36 + 11. Let y be g - 2/((-2)/(-3)). Suppose -y = -3*x - x. Is x a composite number?
False
Let w(f) = -f**2 - 11*f - 10. Let n be w(-12). Let u = n - -15. Is u/((-981)/489 - -2) prime?
False
Suppose -5*c + 256 = 2*h - h, -2*h + 494 = c. Suppose -3*d - h = 5*q - 26, 2*d + 150 = -4*q. Let x = -31 - d. Is x a prime number?
False
Is (-1761)/(-6)*((-60)/5)/(-6) prime?
True
Suppose 11602 = h + 3*p, -3*h = -h - 5*p - 23193. Is h a prime number?
False
Let u(x) = x**3 - 17*x**2 + 9*x - 8. Let c(r) = r**2 + r + 1. Let v(k) = -2*c(k) - u(k). Suppose 0 = -2*f + 5 + 13. Is v(f) a composite number?
True
Suppose 3*r + 5390 = -5*a - r, -r + 4291 = -4*a. Let j be a/14 + 2/(-7). Is j*2*(-1)/2 composite?
True
Suppose -2*a - 396 - 48198 = -4*x, 3*a + 48593 = 4*x. Is x a composite number?
False
Let u(l) = l**2 + 8*l + 3. Let y be u(-8). Suppose h - 46 = y*h. Let v = h + 48. Is v a prime number?
False
Let r(w) = -542*w**3 + 4*w**2 - 2*w - 1. Let u(a) = a**3 - a**2 + a. Let s(f) = r(f) + 2*u(f). Is s(-1) composite?
False
Let r(l) = 4 + l - 4*l**2 - 10 + 6*l. Let x(a) = a - 1. Let w(j) = -r(j) + 6*x(j). Is w(5) a composite number?
True
Is (10/45 - (-91551)/27) + -2 prime?
True
Let a(i) = 85*i**2 + 13*i + 17. Let j(z) = -42*z**2 - 7*z - 9. Let f(l) = 4*a(l) + 7*j(l). Is f(4) a composite number?
True
Suppose f = -6*t + 2*t + 12928, 3*t = 5*f + 9673. Suppose -t - 878 = -7*g. Is g a composite number?
False
Let t = -16 + 6. Is (-6)/(-15) - 7446/t a prime number?
False
Let y = 212 - 147. Suppose -a + 229 = -y. Let d = a - -13. Is d a prime number?
True
Let t = -23 + 92. Suppose 5*c + 2*a = 93, -2*a = 5*c - 6*a - t. Suppose -i = -16 - c. Is i prime?
False
Is 30110*((-54)/(-12) + -4) a prime number?
False
Let c(j) be the first derivative of 9*j**4/4 - 4*j**3/3 - 2*j**2 - 8*j - 2. Let a be c(-4). Is a/(-6) - (-18)/27 a composite number?
True
Let d = 24 + -22. Suppose -d*t - 2 = -12. Suppose -4*u + 5*v + 542 = -u, -t*u + 892 = 3*v. Is u a composite number?
False
Suppose 5*v - 30 = -5*j, -2*v + 16 = -2*j + 3*v. Suppose 4*k - j*k = 832. Suppose k = 4*u - 164. Is u a composite number?
True
Suppose -t - c + 5897 = 2*c, 0 = t + 5*c - 5897. Is t prime?
True
Let t = 142 - 270. Let d = -70 - t. Is d a composite number?
True
Let k be (2/(-8))/(-1) - 165858/(-56). Suppose 0 = -d + 3*v + 602, 3*d + 2*d - k = -v. Is d prime?
True
Let z(o) = 4933*o - 7. Let k be z(4). Suppose -4*m - k = -5*a, -m = -3*m - 10. Is a a prime number?
False
Let q(h) = -9 + 9*h**2 + h - 3 - h**3 + 2. Let s be q(7). Suppose 4*n + s = -2*u + 331, 0 = 2*u - 8. Is n prime?
False
Let t(c) be the third derivative of 83*c**4/8 + c**3/6 - 16*c**2. Is t(2) a composite number?
False
Let l(i) = 15*i - 3. Let x be l(-15). Let p = 342 + x. Let u = -1 + p. Is u composite?
False
Let s(o) be the first derivative of -5*o**4/2 - o**3/3 - o**2 + 13*o - 3. Is s(-6) a composite number?
True
Suppose -20 - 8 = -l. Let p(g) = g**3 - 12*g**2 - 14*g + 9. Let s be p(13). Is s/(-14) - (-2204)/l prime?
True
Let i(n) = n**3 + 36*n**2 + 14*n - 17. Is i(-19) a composite number?
True
Suppose 0 = -7*l - l + 4048. Suppose 3*i - 786 = 3*z, i - 4*z = 3*i - l. Is i prime?
False
Is -10 + (-1588)/(-12)*321 a composite number?
True
Suppose 12071 + 30977 = 8*z. Is z a prime number?
True
Let v be -59*(-4 - 1) - 1. Suppose -5*x + 7*x + 4*w - 342 = 0, -5*x + 3*w + 829 = 0. Let m = v - x. Is m a prime number?
True
Let a(c) = 4946*c + 53. Is a(3) prime?
True
Is ((-1469316)/16)/(3*(-1)/4) a prime number?
True
Let j = -1279 - -1915. Suppose 3*v + 2*v + s - j = 0, 504 = 4*v - 4*s. Is v composite?
False
Let m = 211 + 2548. Is m a composite number?
True
Suppose 5*p + 71 = -129. Let l be p/(-12)*(-27)/(-15). Suppose 5*o + 3*k = 6670, -3*k + l*k = 5*o - 6700. Is o a composite number?
True
Let a = 2 - -1. Suppose -x = a*x. Suppose 0 = -2*v - 2, x*l = 2*l + 4*v - 250. Is l prime?
True
Let q be 35/(-14)*((-27)/15 + 1). Suppose -f + 14 = -2*h, 5*f + 2*h = -0*h + 58. Is (f + -11)/(q/38) composite?
False
Let t(j) = 32*j**2 - 13*j - 17. Is t(-6) composite?
False
Let k be 9/(-12)*(-6)/9*1642. Suppose -4*p - 10 = -3*i - k, 4*i - 179 = -p. Is p a prime number?
True
Let r be 17/3 - (-3)/9. Suppose 2*b + 0*b - 3605 = 5*z, 2*z + r = 0. Is b composite?
True
Suppose -15437 = -3*h + 4*i, 0*h = -4*h - 3*i + 20591. Is h composite?
False
Let h = 103 - -872. Suppose -3490 = -o - h. Is o a prime number?
False
Suppose -9*j + 13*j + 6592 = 0. Let a = j - -2349. Is a prime?
True
Suppose -3*i - 5*g = -182197, 4*i + g - 118713 = 124239. Is i a prime number?
False
Suppose -74624 = -5*t - 3*m, t - 59701 = -3*t - 3*m. Is t composite?
False
Suppose -5*a + 4054 = -3*a. Is a composite?
False
Suppose -400*g + 409*g = 699849. Is g prime?
True
Let y be -1 + (0 - (2 - 774)). Is y*((-8)/12)/(-2) composite?
False
Let u = -22 + 26. Is 174 + (-4 + 11 - u) a composite number?
True
Suppose 3*j + 77 = -5*m - j, 2*j = -m - 13. Let x(q) = q**2 + 8*q + 10. Is x(m) prime?
True
Let f = -15 - -26. Suppose 5*q + 1 = r, 0*r + 3*r = q - f. Is (-3 - r - 3)*-2 a prime number?
False
Let c = 6287 + -3678. Is c a prime number?
True
Let w be (5/(50/(-32)))/((-8)/20). Suppose w*g = 10*g - 1082. Is g a composite number?
False
Let c(q) be the first derivative of q**2 + 437*q - 12. Is c(0) a composite number?
True
Let c(t) = 314*t**2 + 10*t + 35. Is c(-5) composite?
True
Let i(b) = 213*b + 13. Let z(j) = 106*j + 6. Let v(g) = 3*i(g) - 5*z(g). Let r be v(9). Suppose 0 = -2*k + 4*u - 9 + 423, -5*k + r = 5*u. Is k prime?
False
Suppose -2*n + 272 = -612. Suppose 4*j + n = 6550. Is j prime?
False
Suppose -12*a - 19*a + 85963 = 0. Is a composite?
True
Let u = -28 - -31. Suppose -70 - 1001 = -3*p + w, 0 = 4*p - u*w - 1423. Is p prime?
False
Suppose h - 3*y + 22418 = 2*h, 5*h + 4*y = 112035. Is h a composite number?
True
Let r = 208 - 304. Let p = 683 + r. Is p a prime number?
True
Suppose 0 = 36*r - 32*r - 10692. Suppose 2671 = 3*g - 2*k, -5*g + 2*g + r = -3*k. Is g a prime number?
False
Suppose 0*j = j 